{"id":306,"date":"2020-03-06T15:29:01","date_gmt":"2020-03-06T15:29:01","guid":{"rendered":"https:\/\/gesunde-kinderschuhe.de\/?page_id=306"},"modified":"2020-05-18T14:56:28","modified_gmt":"2020-05-18T14:56:28","slug":"einblicke","status":"publish","type":"page","link":"https:\/\/gesunde-kinderschuhe.de\/?page_id=306","title":{"rendered":"Einblicke"},"content":{"rendered":"\n<figure class=\"wp-block-gallery columns-3 is-cropped wp-block-gallery-2 is-layout-flex wp-block-gallery-is-layout-flex\"><ul class=\"blocks-gallery-grid\"><li class=\"blocks-gallery-item\"><figure><a href=\"https:\/\/gesunde-kinderschuhe.de\/wp-content\/uploads\/2020\/03\/Laden1.jpg\" data-rel=\"lightbox-image-0\" data-rl_title=\"\" data-rl_caption=\"\" title=\"\"><img loading=\"lazy\" decoding=\"async\" width=\"1000\" height=\"668\" src=\"https:\/\/gesunde-kinderschuhe.de\/wp-content\/uploads\/2020\/03\/Laden1.jpg\" alt=\"\" data-id=\"310\" data-link=\"https:\/\/gesunde-kinderschuhe.de\/einblicke\/laden1\" class=\"wp-image-310\" srcset=\"https:\/\/gesunde-kinderschuhe.de\/wp-content\/uploads\/2020\/03\/Laden1.jpg 1000w, https:\/\/gesunde-kinderschuhe.de\/wp-content\/uploads\/2020\/03\/Laden1-300x200.jpg 300w, https:\/\/gesunde-kinderschuhe.de\/wp-content\/uploads\/2020\/03\/Laden1-768x513.jpg 768w\" sizes=\"auto, (max-width: 767px) 89vw, (max-width: 1000px) 54vw, (max-width: 1071px) 543px, 580px\" \/><\/a><\/figure><\/li><li class=\"blocks-gallery-item\"><figure><a href=\"https:\/\/gesunde-kinderschuhe.de\/wp-content\/uploads\/2020\/03\/Laden5.jpg\" data-rel=\"lightbox-image-1\" data-rl_title=\"\" data-rl_caption=\"\" title=\"\"><img loading=\"lazy\" decoding=\"async\" width=\"1000\" height=\"668\" src=\"https:\/\/gesunde-kinderschuhe.de\/wp-content\/uploads\/2020\/03\/Laden5.jpg\" alt=\"\" data-id=\"314\" data-link=\"https:\/\/gesunde-kinderschuhe.de\/einblicke\/laden5\" class=\"wp-image-314\" srcset=\"https:\/\/gesunde-kinderschuhe.de\/wp-content\/uploads\/2020\/03\/Laden5.jpg 1000w, https:\/\/gesunde-kinderschuhe.de\/wp-content\/uploads\/2020\/03\/Laden5-300x200.jpg 300w, https:\/\/gesunde-kinderschuhe.de\/wp-content\/uploads\/2020\/03\/Laden5-768x513.jpg 768w\" sizes=\"auto, (max-width: 767px) 89vw, (max-width: 1000px) 54vw, (max-width: 1071px) 543px, 580px\" \/><\/a><\/figure><\/li><li class=\"blocks-gallery-item\"><figure><a href=\"https:\/\/gesunde-kinderschuhe.de\/wp-content\/uploads\/2020\/03\/Laden6-684x1024.jpg\" data-rel=\"lightbox-image-2\" data-rl_title=\"\" data-rl_caption=\"\" title=\"\"><img loading=\"lazy\" decoding=\"async\" width=\"684\" height=\"1024\" src=\"https:\/\/gesunde-kinderschuhe.de\/wp-content\/uploads\/2020\/03\/Laden6-684x1024.jpg\" alt=\"\" data-id=\"315\" data-link=\"https:\/\/gesunde-kinderschuhe.de\/einblicke\/laden6\" class=\"wp-image-315\" srcset=\"https:\/\/gesunde-kinderschuhe.de\/wp-content\/uploads\/2020\/03\/Laden6-684x1024.jpg 684w, https:\/\/gesunde-kinderschuhe.de\/wp-content\/uploads\/2020\/03\/Laden6-200x300.jpg 200w, https:\/\/gesunde-kinderschuhe.de\/wp-content\/uploads\/2020\/03\/Laden6-768x1150.jpg 768w, https:\/\/gesunde-kinderschuhe.de\/wp-content\/uploads\/2020\/03\/Laden6.jpg 1000w\" sizes=\"auto, (max-width: 684px) 100vw, 684px\" \/><\/a><\/figure><\/li><li class=\"blocks-gallery-item\"><figure><a href=\"https:\/\/gesunde-kinderschuhe.de\/wp-content\/uploads\/2020\/03\/Laden3.jpg\" data-rel=\"lightbox-image-3\" data-rl_title=\"\" data-rl_caption=\"\" title=\"\"><img loading=\"lazy\" decoding=\"async\" width=\"1000\" height=\"668\" src=\"https:\/\/gesunde-kinderschuhe.de\/wp-content\/uploads\/2020\/03\/Laden3.jpg\" alt=\"\" data-id=\"312\" data-link=\"https:\/\/gesunde-kinderschuhe.de\/einblicke\/laden3\" class=\"wp-image-312\" srcset=\"https:\/\/gesunde-kinderschuhe.de\/wp-content\/uploads\/2020\/03\/Laden3.jpg 1000w, https:\/\/gesunde-kinderschuhe.de\/wp-content\/uploads\/2020\/03\/Laden3-300x200.jpg 300w, https:\/\/gesunde-kinderschuhe.de\/wp-content\/uploads\/2020\/03\/Laden3-768x513.jpg 768w\" sizes=\"auto, (max-width: 767px) 89vw, (max-width: 1000px) 54vw, (max-width: 1071px) 543px, 580px\" \/><\/a><\/figure><\/li><li class=\"blocks-gallery-item\"><figure><a href=\"https:\/\/gesunde-kinderschuhe.de\/wp-content\/uploads\/2020\/05\/2020-05-18-12.13.47-1-4-scaled.jpg\" data-rel=\"lightbox-image-4\" data-rl_title=\"\" data-rl_caption=\"\" title=\"\"><img loading=\"lazy\" decoding=\"async\" width=\"1024\" height=\"684\" src=\"https:\/\/gesunde-kinderschuhe.de\/wp-content\/uploads\/2020\/05\/2020-05-18-12.13.47-1-4-1024x684.jpg\" alt=\"\" data-id=\"490\" data-full-url=\"https:\/\/gesunde-kinderschuhe.de\/wp-content\/uploads\/2020\/05\/2020-05-18-12.13.47-1-4-scaled.jpg\" data-link=\"https:\/\/gesunde-kinderschuhe.de\/einblicke\/processed-with-vsco-with-a4-preset-7\" class=\"wp-image-490\" srcset=\"https:\/\/gesunde-kinderschuhe.de\/wp-content\/uploads\/2020\/05\/2020-05-18-12.13.47-1-4-1024x684.jpg 1024w, https:\/\/gesunde-kinderschuhe.de\/wp-content\/uploads\/2020\/05\/2020-05-18-12.13.47-1-4-300x200.jpg 300w, https:\/\/gesunde-kinderschuhe.de\/wp-content\/uploads\/2020\/05\/2020-05-18-12.13.47-1-4-768x513.jpg 768w, https:\/\/gesunde-kinderschuhe.de\/wp-content\/uploads\/2020\/05\/2020-05-18-12.13.47-1-4-1536x1025.jpg 1536w, https:\/\/gesunde-kinderschuhe.de\/wp-content\/uploads\/2020\/05\/2020-05-18-12.13.47-1-4-2048x1367.jpg 2048w\" sizes=\"auto, (max-width: 767px) 89vw, (max-width: 1000px) 54vw, (max-width: 1071px) 543px, 580px\" \/><\/a><\/figure><\/li><li class=\"blocks-gallery-item\"><figure><a href=\"https:\/\/gesunde-kinderschuhe.de\/wp-content\/uploads\/2020\/03\/Laden2.jpg\" data-rel=\"lightbox-image-5\" data-rl_title=\"\" data-rl_caption=\"\" title=\"\"><img loading=\"lazy\" decoding=\"async\" width=\"1000\" height=\"668\" src=\"https:\/\/gesunde-kinderschuhe.de\/wp-content\/uploads\/2020\/03\/Laden2.jpg\" alt=\"\" data-id=\"311\" data-link=\"https:\/\/gesunde-kinderschuhe.de\/einblicke\/laden2\" class=\"wp-image-311\" srcset=\"https:\/\/gesunde-kinderschuhe.de\/wp-content\/uploads\/2020\/03\/Laden2.jpg 1000w, https:\/\/gesunde-kinderschuhe.de\/wp-content\/uploads\/2020\/03\/Laden2-300x200.jpg 300w, https:\/\/gesunde-kinderschuhe.de\/wp-content\/uploads\/2020\/03\/Laden2-768x513.jpg 768w\" sizes=\"auto, (max-width: 767px) 89vw, (max-width: 1000px) 54vw, (max-width: 1071px) 543px, 580px\" \/><\/a><\/figure><\/li><li class=\"blocks-gallery-item\"><figure><a href=\"https:\/\/gesunde-kinderschuhe.de\/wp-content\/uploads\/2020\/03\/Laden4.jpg\" data-rel=\"lightbox-image-6\" data-rl_title=\"\" data-rl_caption=\"\" title=\"\"><img loading=\"lazy\" decoding=\"async\" width=\"1000\" height=\"668\" src=\"https:\/\/gesunde-kinderschuhe.de\/wp-content\/uploads\/2020\/03\/Laden4.jpg\" alt=\"\" data-id=\"313\" data-link=\"https:\/\/gesunde-kinderschuhe.de\/einblicke\/laden4\" class=\"wp-image-313\" srcset=\"https:\/\/gesunde-kinderschuhe.de\/wp-content\/uploads\/2020\/03\/Laden4.jpg 1000w, https:\/\/gesunde-kinderschuhe.de\/wp-content\/uploads\/2020\/03\/Laden4-300x200.jpg 300w, https:\/\/gesunde-kinderschuhe.de\/wp-content\/uploads\/2020\/03\/Laden4-768x513.jpg 768w\" sizes=\"auto, (max-width: 767px) 89vw, (max-width: 1000px) 54vw, (max-width: 1071px) 543px, 580px\" \/><\/a><\/figure><\/li><\/ul><\/figure>\n","protected":false},"excerpt":{"rendered":"","protected":false},"author":1,"featured_media":0,"parent":0,"menu_order":0,"comment_status":"closed","ping_status":"closed","template":"","meta":{"footnotes":""},"class_list":["post-306","page","type-page","status-publish","hentry"],"yoast_head":"<!-- This site is optimized with the Yoast SEO plugin v27.2 - https:\/\/yoast.com\/product\/yoast-seo-wordpress\/ -->\n<title>Einblicke - Schuhe im Schwarzatal<\/title>\n<meta name=\"robots\" content=\"index, follow, max-snippet:-1, max-image-preview:large, max-video-preview:-1\" \/>\n<link rel=\"canonical\" href=\"https:\/\/gesunde-kinderschuhe.de\/?page_id=306\" \/>\n<meta property=\"og:locale\" content=\"de_DE\" \/>\n<meta property=\"og:type\" content=\"article\" \/>\n<meta property=\"og:title\" content=\"Einblicke - Schuhe im Schwarzatal\" \/>\n<meta property=\"og:url\" content=\"https:\/\/gesunde-kinderschuhe.de\/?page_id=306\" \/>\n<meta property=\"og:site_name\" content=\"Schuhe im Schwarzatal\" \/>\n<meta property=\"article:modified_time\" content=\"2020-05-18T14:56:28+00:00\" \/>\n<meta property=\"og:image\" content=\"https:\/\/gesunde-kinderschuhe.de\/wp-content\/uploads\/2020\/03\/Laden1.jpg\" \/>\n<meta name=\"twitter:card\" content=\"summary_large_image\" \/>\n<script type=\"application\/ld+json\" class=\"yoast-schema-graph\">{\"@context\":\"https:\/\/schema.org\",\"@graph\":[{\"@type\":\"WebPage\",\"@id\":\"https:\/\/gesunde-kinderschuhe.de\/?page_id=306\",\"url\":\"https:\/\/gesunde-kinderschuhe.de\/?page_id=306\",\"name\":\"Einblicke - Schuhe im Schwarzatal\",\"isPartOf\":{\"@id\":\"https:\/\/gesunde-kinderschuhe.de\/#website\"},\"primaryImageOfPage\":{\"@id\":\"https:\/\/gesunde-kinderschuhe.de\/?page_id=306#primaryimage\"},\"image\":{\"@id\":\"https:\/\/gesunde-kinderschuhe.de\/?page_id=306#primaryimage\"},\"thumbnailUrl\":\"https:\/\/gesunde-kinderschuhe.de\/wp-content\/uploads\/2020\/03\/Laden1.jpg\",\"datePublished\":\"2020-03-06T15:29:01+00:00\",\"dateModified\":\"2020-05-18T14:56:28+00:00\",\"breadcrumb\":{\"@id\":\"https:\/\/gesunde-kinderschuhe.de\/?page_id=306#breadcrumb\"},\"inLanguage\":\"de\",\"potentialAction\":[{\"@type\":\"ReadAction\",\"target\":[\"https:\/\/gesunde-kinderschuhe.de\/?page_id=306\"]}]},{\"@type\":\"ImageObject\",\"inLanguage\":\"de\",\"@id\":\"https:\/\/gesunde-kinderschuhe.de\/?page_id=306#primaryimage\",\"url\":\"https:\/\/gesunde-kinderschuhe.de\/wp-content\/uploads\/2020\/03\/Laden1.jpg\",\"contentUrl\":\"https:\/\/gesunde-kinderschuhe.de\/wp-content\/uploads\/2020\/03\/Laden1.jpg\"},{\"@type\":\"BreadcrumbList\",\"@id\":\"https:\/\/gesunde-kinderschuhe.de\/?page_id=306#breadcrumb\",\"itemListElement\":[{\"@type\":\"ListItem\",\"position\":1,\"name\":\"Startseite\",\"item\":\"https:\/\/gesunde-kinderschuhe.de\/\"},{\"@type\":\"ListItem\",\"position\":2,\"name\":\"Einblicke\"}]},{\"@type\":\"WebSite\",\"@id\":\"https:\/\/gesunde-kinderschuhe.de\/#website\",\"url\":\"https:\/\/gesunde-kinderschuhe.de\/\",\"name\":\"Schuhe im Schwarzatal\",\"description\":\"Fachgesch\u00e4ft f\u00fcr Kinderschuhe, Wanderschuhe, Barfu\u00dfschuhe\",\"potentialAction\":[{\"@type\":\"SearchAction\",\"target\":{\"@type\":\"EntryPoint\",\"urlTemplate\":\"https:\/\/gesunde-kinderschuhe.de\/?s={search_term_string}\"},\"query-input\":{\"@type\":\"PropertyValueSpecification\",\"valueRequired\":true,\"valueName\":\"search_term_string\"}}],\"inLanguage\":\"de\"}]}<\/script>\n<!-- \/ Yoast SEO plugin. -->","yoast_head_json":{"title":"Einblicke - Schuhe im Schwarzatal","robots":{"index":"index","follow":"follow","max-snippet":"max-snippet:-1","max-image-preview":"max-image-preview:large","max-video-preview":"max-video-preview:-1"},"canonical":"https:\/\/gesunde-kinderschuhe.de\/?page_id=306","og_locale":"de_DE","og_type":"article","og_title":"Einblicke - Schuhe im Schwarzatal","og_url":"https:\/\/gesunde-kinderschuhe.de\/?page_id=306","og_site_name":"Schuhe im Schwarzatal","article_modified_time":"2020-05-18T14:56:28+00:00","og_image":[{"url":"https:\/\/gesunde-kinderschuhe.de\/wp-content\/uploads\/2020\/03\/Laden1.jpg","type":"","width":"","height":""}],"twitter_card":"summary_large_image","schema":{"@context":"https:\/\/schema.org","@graph":[{"@type":"WebPage","@id":"https:\/\/gesunde-kinderschuhe.de\/?page_id=306","url":"https:\/\/gesunde-kinderschuhe.de\/?page_id=306","name":"Einblicke - Schuhe im Schwarzatal","isPartOf":{"@id":"https:\/\/gesunde-kinderschuhe.de\/#website"},"primaryImageOfPage":{"@id":"https:\/\/gesunde-kinderschuhe.de\/?page_id=306#primaryimage"},"image":{"@id":"https:\/\/gesunde-kinderschuhe.de\/?page_id=306#primaryimage"},"thumbnailUrl":"https:\/\/gesunde-kinderschuhe.de\/wp-content\/uploads\/2020\/03\/Laden1.jpg","datePublished":"2020-03-06T15:29:01+00:00","dateModified":"2020-05-18T14:56:28+00:00","breadcrumb":{"@id":"https:\/\/gesunde-kinderschuhe.de\/?page_id=306#breadcrumb"},"inLanguage":"de","potentialAction":[{"@type":"ReadAction","target":["https:\/\/gesunde-kinderschuhe.de\/?page_id=306"]}]},{"@type":"ImageObject","inLanguage":"de","@id":"https:\/\/gesunde-kinderschuhe.de\/?page_id=306#primaryimage","url":"https:\/\/gesunde-kinderschuhe.de\/wp-content\/uploads\/2020\/03\/Laden1.jpg","contentUrl":"https:\/\/gesunde-kinderschuhe.de\/wp-content\/uploads\/2020\/03\/Laden1.jpg"},{"@type":"BreadcrumbList","@id":"https:\/\/gesunde-kinderschuhe.de\/?page_id=306#breadcrumb","itemListElement":[{"@type":"ListItem","position":1,"name":"Startseite","item":"https:\/\/gesunde-kinderschuhe.de\/"},{"@type":"ListItem","position":2,"name":"Einblicke"}]},{"@type":"WebSite","@id":"https:\/\/gesunde-kinderschuhe.de\/#website","url":"https:\/\/gesunde-kinderschuhe.de\/","name":"Schuhe im Schwarzatal","description":"Fachgesch\u00e4ft f\u00fcr Kinderschuhe, Wanderschuhe, Barfu\u00dfschuhe","potentialAction":[{"@type":"SearchAction","target":{"@type":"EntryPoint","urlTemplate":"https:\/\/gesunde-kinderschuhe.de\/?s={search_term_string}"},"query-input":{"@type":"PropertyValueSpecification","valueRequired":true,"valueName":"search_term_string"}}],"inLanguage":"de"}]}},"_links":{"self":[{"href":"https:\/\/gesunde-kinderschuhe.de\/index.php?rest_route=\/wp\/v2\/pages\/306","targetHints":{"allow":["GET"]}}],"collection":[{"href":"https:\/\/gesunde-kinderschuhe.de\/index.php?rest_route=\/wp\/v2\/pages"}],"about":[{"href":"https:\/\/gesunde-kinderschuhe.de\/index.php?rest_route=\/wp\/v2\/types\/page"}],"author":[{"embeddable":true,"href":"https:\/\/gesunde-kinderschuhe.de\/index.php?rest_route=\/wp\/v2\/users\/1"}],"replies":[{"embeddable":true,"href":"https:\/\/gesunde-kinderschuhe.de\/index.php?rest_route=%2Fwp%2Fv2%2Fcomments&post=306"}],"version-history":[{"count":6,"href":"https:\/\/gesunde-kinderschuhe.de\/index.php?rest_route=\/wp\/v2\/pages\/306\/revisions"}],"predecessor-version":[{"id":497,"href":"https:\/\/gesunde-kinderschuhe.de\/index.php?rest_route=\/wp\/v2\/pages\/306\/revisions\/497"}],"wp:attachment":[{"href":"https:\/\/gesunde-kinderschuhe.de\/index.php?rest_route=%2Fwp%2Fv2%2Fmedia&parent=306"}],"curies":[{"name":"wp","href":"https:\/\/api.w.org\/{rel}","templated":true}]}}